 (3 + -13)).
9
Calculate -9 + 11 + 0 + 0 + 1.
3
What is the value of -2 + -1 + (-2 - -4 - -4)?
3
What is 5 - ((1 - 3) + 23 + -23)?
7
What is (1 - 4) + (5 - (12 - 7))?
-3
What is -4 + 16 + -10 - -6?
8
Calculate (-5 - (-1 + 4)) + 4.
-4
Evaluate 2 + (0 - 7) - (9 - 9).
-5
Calculate -16 + 9 + -1 + 9.
1
-8 - (-4 - 6 - -7)
-5
Calculate -3 - (7 - (-1 + 10)).
-1
0 + -5 + (2 - -2)
-1
Calculate (-3 - -9) + (1 - 3).
4
What is 0 + 4 + -1 + 2 + 1?
6
What is the value of (11 - (15 - 4)) + 1?
1
Evaluate -1 - 2 - (6 + -6).
-3
What is 4 - (6 - (2 + 3))?
3
Calculate -1 - -4 - (-1 - -3).
1
4 + -4 - 4 - -10 - 1
5
What is -12 - (15 - 7 - 18)?
-2
What is -1 + (-1 - 0 - (6 - 6))?
-2
Calculate 1 + (-8 - (6 + -16 + 3)).
0
What is the value of (-3 + -4 + 1 - 0) + 3?
-3
Calculate 2 - (-1 + (-1 - 0) + 1).
3
-4 - -6 - 6 - 5
-9
What is the value of 101 + -102 - ((2 - 1) + -6)?
4
What is -1 + (1 - -3) + (-19 - -19)?
3
What is the value of (-1 - -7 - -8) + (0 - 7)?
7
Calculate -2 + -3 + 3 + -3.
-5
What is 7 - (3 + (6 - 3) + -2)?
3
7 - (8 + -11 - -6)
4
Evaluate (2 - 5) + 2 + -1 + 2.
0
Calculate (1 - -5) + (8 - (0 + 10)).
4
Calculate -1 - -7 - (7 + -7).
6
2 - ((2 - 5) + (-1 - -2))
4
Evaluate -4 + 10 - 2 - 5.
-1
Calculate -6 - 5 - -14 - -1.
4
(-6 - -1) + -3 + 4
-4
Evaluate 0 - (7 + -7 - -3).
-3
What is 2 - (-3 - (-1 - 0))?
4
What is -4 - (1 - -1 - (-20 + 19))?
-7
Evaluate 13 + 1 + (-2 - (4 - 0)).
8
What is 6 + (-2 - 1) + -3 + -3?
-3
What is the value of -1 - -1 - 12 - -9?
-3
What is the value of -74 + 63 + 0 + 13?
2
What is 8 - (0 + -7 + 10)?
5
-5 - (0 + -6 + -3)
4
Evaluate 3 + 0 + -1 + -4.
-2
Calculate (-3 - -2) + (2 - 6) + 1.
-4
3 + 3 + (-4 - 0)
2
What is the value of 4 + 0 - -2 - 3 - 1?
2
8 + -5 + 2 - (0 + 3)
2
Evaluate -1 - ((-3 - 3) + 9).
-4
What is the value of (-1 + 1 - (-7 + 5)) + 0?
2
What is (82 - 89) + (-1 + -1 - -2)?
-7
What is the value of 1 - -3 - (-4 - -5)?
3
What is -7 + (2 - 9 - (3 + -12))?
-5
Calculate (-2 - -2 - -3) + -3 - 1.
-1
What is the value of 29 + (-30 - -10) - (0 - -5)?
4
-5 + -3 + 1 + (2 - 3)
-8
Calculate -5 + -2 + (0 - -6).
-1
5 - (4 + -2 + -3 - -12)
-6
What is 3 - ((-6 - -9) + -3)?
3
(6 + 1 - 4) + -2 + -3
-2
Evaluate -2 + -1 - (-4 - (4 - 3)).
2
What is the value of 0 + -1 + 0 - (-1 + 2)?
-2
What is the value of 1 + (-3 - -4) - (0 - 1)?
3
1 + -7 + -3 - -8
-1
What is 7 + -2 + (-2 - -4) + -14?
-7
Evaluate (-14 - -10 - (-1 - -1)) + 2.
-2
What is -3 - -6 - (0 + 2)?
1
Evaluate 2 + 2 - (32 + -27).
-1
What is 4 - 20 - -9 - -4?
-3
-1 - (7 + -19 + 8)
3
What is -15 + 2 - -9 - (4 + -2)?
-6
1 + -7 + -4 + 17 + -11
-4
What is (0 - (3 - 11)) + -5?
3
What is the value of 0 + 1 + -17 + 8 + 3?
-5
What is the value of -117 + 122 - (1 + -1)?
5
What is the value of 1 + -3 - 0 - 3?
-5
Calculate -1 + (2 - -2) + (1 - 6).
-2
Calculate (-11 + -1 - 0) + 23.
11
Calculate -4 - (-4 - (-10 + 6)).
-4
What is 5 + 0 + -5 + 0 + -3?
-3
What is (-1 - 0) + (8 - 7)?
0
What is the value of (-1 - 0) + (-5 - 3 - -4)?
-5
3 + (-6 - -4) + -2 + -6
-7
What is the value of 5 + (3 - (-7 - (-16 - -5)))?
4
Calculate 2 - (0 - ((-9 - -4) + 3)).
0
What is the value of -12 + 18 + -2 + -6?
-2
-3 - (-9 + -3 - -5)
4
What is -6 + (-3 - (-1 + -11))?
3
Evaluate -6 + 0 + (13 - 3).
4
What is 0 - (10 - (6 - 3))?
-7
What is -11 - ((-7 - 1) + 5 + -2)?
-6
What is the value of (6 + -11 - -4) + 1 + -1?
-1
Evaluate 2 - 4 - (-40 + 37).
1
Calculate -2 + (-2 + 7 - 1).
2
Evaluate -6 + (10 + -3 - 5).
-4
Calculate 1 + 0 + 0 + -6 + 0.
-5
0 - -2 - (8 - 4)
-2
-4 + (2 - -2 - (-3 - -5))
-2
What is 7 + (-6 - -8) - (6 - 1)?
4
Evaluate (-7 + 1 - -6) + 5 + -12.
-7
What is the value of 67 + -71 - (-4 - 1) - 11?
-10
What is -4 + -6 + 4 - -11?
5
Evaluate -2 + 0 + 4 - (2 + 3).
-3
What is the value of 7 - 0 - (2 - (-8 - -7))?
4
Evaluate -6 + 5 - 4 - -5.
0
Calculate -8 - (-9 - (6 + -11)).
-4
What is the value of -4 + 1 + 1 + 2?
0
What is the value of -2 + 2 + 4 - (-5 + 3)?
6
Calculate (-6 - (-3 + -1)) + 3.
1
Calculate -4 - (-14 + 0 + 7 - -3).
0
What is (-2 + 3 - (-1 + 0)) + 0?
2
Evaluate 5 + (1 + -2 - 6).
-2
Evaluate -9 - (-5 - (-7 + 12 + -6)).
-5
Calculate 1 + 2 + -2 + 0 + 8.
9
Calculate -6 + -2 + 23 + -5.
10
Calculate (4 - 1) + 0 + -1 - -3.
5
Calculate (2 - 0) + (-1 - -2 - -1).
4
What is (-1 - 5) + (6 - 5) + 0?
-5
2 + -6 + 1 + 8
5
9 + -3 + (-10 - -6)
2
What is -4 + 0 + 8 - (-15 + 13)?
6
Calculate -3 + (4 + -7 - (0 + -1)).
-5
What is the value of -5 + -4 + 14 - 6?
-1
Evaluate 18 + (-7 - 2) + -5.
4
Evaluate -3 + -3 + 9 + -2.
1
Calculate 1 - (2 + -3 + 1) - -3.
4
-1 + 1 + 0 + (-37 - -41)
4
Evaluate -1 + 5 + (5 - 7) + -2.
0
(2 + 0 - -6) + -8
0
What is the value of 1 + -3 + (-4 - -2)?
-4
Calculate (7 - 0) + (-6 - (-12 - -7)).
6
What is the value of 5 - (7 + -6 + 2 + -3)?
5
Calculate 4 - (-9 + (-6 - -22)).
-3
-3 + (4 - 1 - -7) + -5
2
Calculate (2 - (-5 + 3 + 1)) + -5.
-2
Evaluate -1 + 2 - (-10 - -7 - -2).
2
What is the value of -2 + -5 + (0 - -4)?
-3
What is the value of (-10 - -20) + -10 - 6?
-6
Calculate -7 - ((-1 - -2) + -8 + 5).
-5
What is (4 - 1) + (10 - 9)?
4
What is 1 + 6 + 0 + (56 - 60)?
3
0 + (-5 - (-5 - 0)) + -4
-4
What is -1 + (3 - 4 - 1)?
-3
What is the value of 1 + -2 - -7 - (-7 - -7)?
6
Evaluate 2 - 0 - 14 - -23.
11
What is the value of -4 - (-3 - (1 - 0)) - -5?
5
What is (1 - 4) + (-17 - (2 + -16))?
-6
What is the value of -17 - (-19 - (5 + -16))?
-9
What is the value of 3 + 1 + -4 + 0?
0
-4 - (2 - 15 - (-17 - -12))
4
What is the value of (-7 - -4) + 0 + (-4 - -11)?
4
What is the value of 2 - (4 + -1) - 2?
-3
10 + -10 + (1 - -1)
2
Calculate -3 + -1 + -8 + 10.
-2
Calculate -1 + (-6 - -15) + -2 + -13.
-7
1 - (8 + -4) - (0 - 1)
-2
What is (0 - -2) + (-5 - -1) + 6?
4
What is the value of 33 - 33 - (1 - 1)?
0
Calculate -1 + (0 - 0) - (4 + -6).
1
What is (5 - 0) + (-15 - -15) - 0?
5
-3 - (-11 + 15 - 0)
-7
What is the value of 25 - (0 + 10) - 8?
7
What is (-14 - -4) + (7 - 3) - -2?
-4
What is the value of 7 + 6 + -18 + 1?
-4
Calculate -7 + (7 - 0) + 2.
2
What is -2 + 0 + (4 - (-3 + 2))?
3
What is -4 - (-7 + (-2 - 3))?
8
What is 4 - ((-9 - -13) + -1 + -1)?
2
What is (-1 - (5 - 11)) + (-4 - 4)?
-3
Evaluate 8 + -6 + 2 - (-13 + 16).
1
Calculate (5 + -4 - 5) + -1.
-5
What is the value of (-1 + -1 - (0 - -4)) + 2?
-4
What is the value of 3 + -7 - (41 + -40)?
-5
Evaluate -5 - -1 - (6 - (6 - 0)).
-4
What is the value of -1 + 3 + -2 + 1 + -1?
0
Calculate 0 + -7 + (-2 - (-8 - 11)).
10
What is the value of 1 - (-5 + 4 + 0)?
2
3 - (1 + 5 + (7 - 18))
8
What is (-2 - 5) + 18 - 6?
5
Calculate 4 + -8 + -6 + 4.
-6
Calculate -1 + 0 - -4 - 9 - -1.
-5
Evaluate (9 - (4 - -4 - 5)) + -1.
5
Calculate 2 + -4 + (-4 - -3).
-3
What is (3 - (-1 + 5)) + -5 + 3?
-3
Evaluate 0 - (-4 + 1 + -1) - -1.
5
Evaluate (6 - 0 - -1) + -1 + -3.
3
What is -1 - (5 + (-2 - 6))?
2
What is the value of -5 + (-5 - (8 + -13))?
-5
What is the value of 2 + -3 + 0 - 3?
-4
What is -1 - 13 - (1 - 9)?
-6
What is the value of -8 - (6 - 11 - 1)?
-2
What is 1 + -1 + 9 + (-8 - 1)?
0
Calculate (-2 - -6 - 6) + 4 - 11.
-9
(282 - 270) + 0 + -14
-2
What is the value of 11 + -14 - (-8 + 2)?
3
What is the value of 0 + 12 + -17 + (0 - -4)?
-1
What is the value of (-17 - -13) + (2 - -1)?
-1
(-9 - -8) + (2 - 7)
-6
Evaluate (-3 + 3 - -3) + -9 + 1.
-5
2 + (-8 - (0 + -5 + -1))
0
Calculate -1 + (7 + -4 - 0) - -1.
3
What is the value of 5 + -4 - (6 + -11 - -2)?
4
(-1 - -7) + 1 + 1 + -7
1
Evaluate -2 - (-8 + (5 - -2)).
-1
(-22 - -36) + 0 + (-5 - 1)
8
What is -5 + 1 + (13 + -2 - 9)?
-2
Evaluate 1 + -5 + -1 - (-44 + 38).
1
What is 2 + 2 + -5 + -1 + -2?
-4
Evaluate -2 + -1 - (-6 + 6 + 2).
-5
What is (-13 - -7) + 2 + 12?
8
Evaluate (7 - (-1 + -5 + 21)) + 2.
-6
Calculate 1 + 4 - (-5 - -17).
-7
Calculate -1 - -2 - 0 - (-9 + 5).
5
What is 2 + 37 + -47 + (1 - -4)?
-3
What is 1 + (1 - 2) - (0 - 5)?
5
What is 1 - 2 - (-2 + 6 + -2)?
-3
2 + -1 - (-1 - -2)
0
Calculate -7 + 3 + -5 + (-2 - -7).
-4
Evaluate -1 - -4 - (1 + (2 - 0)).
0
What is 4 - ((6 - 6) + -4 + 10)?
-2
Calculate 4 + (1 - (3 + 0)).
2
What is (2 - (-5 + 5)) + -2?
0
Evaluate -10 + 3 - (-2 + -1) - 0.
-4
Calculate (6 - (7 + -4)) + -8.
-5
What is the value of (-21 - -28) + (-2 - 0)?
5
Calculate (10 - 16) + (8 - (-12 - -6)).
8
Evaluate 1 - 2 - 2 - -7.
4
-1 + -3 - -1 - -2 - -4
3
What is the value of -3 - -2 - 1 - (-3 - 2)?
3
What is the value of 2 + -3 + 0 + -2 - 